9
Calculate the remainder when 179897 is divided by 35977.
12
Calculate the remainder when 46256982 is divided by 3728.
3686
What is the remainder when 402924 is divided by 40286?
64
What is the remainder when 101821 is divided by 50871?
79
What is the remainder when 7588828 is divided by 369?
343
What is the remainder when 51802 is divided by 51646?
156
What is the remainder when 1732685 is divided by 41?
25
Calculate the remainder when 191559092 is divided by 183.
182
What is the remainder when 50538493 is divided by 88354?
5
What is the remainder when 20685485 is divided by 38?
33
Calculate the remainder when 681098 is divided by 42561.
122
Calculate the remainder when 23279100 is divided by 6.
0
Calculate the remainder when 2833187 is divided by 1561.
1533
What is the remainder when 5100591 is divided by 299?
249
What is the remainder when 178923363 is divided by 5?
3
What is the remainder when 2108457 is divided by 4259?
252
Calculate the remainder when 1354856 is divided by 338538.
704
Calculate the remainder when 263472 is divided by 15436.
1060
What is the remainder when 6330274 is divided by 516?
502
What is the remainder when 506490 is divided by 253135?
220
What is the remainder when 3367331 is divided by 11?
0
Calculate the remainder when 12963 is divided by 1054.
315
Calculate the remainder when 610495564 is divided by 2095.
2089
What is the remainder when 14256533 is divided by 4752166?
35
What is the remainder when 652824 is divided by 4926?
2592
What is the remainder when 11149457 is divided by 196?
193
Calculate the remainder when 33301185 is divided by 4162646.
17
What is the remainder when 64596 is divided by 15800?
1396
What is the remainder when 43011218 is divided by 6962?
6944
Calculate the remainder when 427415 is divided by 142464.
23
What is the remainder when 84237745 is divided by 13050?
13045
Calculate the remainder when 5918750 is divided by 343.
285
What is the remainder when 8137093 is divided by 2513?
2512
What is the remainder when 2707937 is divided by 10?
7
What is the remainder when 5855 is divided by 3889?
1966
What is the remainder when 4167006 is divided by 40853?
0
What is the remainder when 8015635 is divided by 21?
19
What is the remainder when 1378155 is divided by 3345?
15
What is the remainder when 1414455 is divided by 213?
135
What is the remainder when 729148 is divided by 364557?
34
Calculate the remainder when 901146 is divided by 674.
8
Calculate the remainder when 108576 is divided by 917.
370
Calculate the remainder when 73750 is divided by 18432.
22
Calculate the remainder when 432821 is divided by 262.
259
What is the remainder when 3130761 is divided by 1043561?
78
Calculate the remainder when 10516394 is divided by 21.
14
What is the remainder when 904901 is divided by 75?
26
What is the remainder when 588043 is divided by 34577?
234
What is the remainder when 2680869 is divided by 4345?
4
Calculate the remainder when 207907314 is divided by 163.
162
Calculate the remainder when 3353302 is divided by 342.
334
Calculate the remainder when 17223974 is divided by 1975.
1974
What is the remainder when 813509 is divided by 813482?
27
Calculate the remainder when 1362441 is divided by 599.
315
Calculate the remainder when 2510717 is divided by 1254790.
1137
Calculate the remainder when 807090 is divided by 30.
0
What is the remainder when 109163 is divided by 41?
21
Calculate the remainder when 680072 is divided by 16578.
374
Calculate the remainder when 463703 is divided by 77263.
125
What is the remainder when 43866 is divided by 3980?
86
Calculate the remainder when 1293321 is divided by 237.
12
Calculate the remainder when 661531 is divided by 4469.
119
What is the remainder when 1714040 is divided by 5771?
53
Calculate the remainder when 534890 is divided by 86.
56
What is the remainder when 408739 is divided by 1019?
120
Calculate the remainder when 102041 is divided by 50931.
179
What is the remainder when 774552 is divided by 1789?
1704
What is the remainder when 52751856 is divided by 70?
66
Calculate the remainder when 11824609 is divided by 22.
5
What is the remainder when 42680100 is divided by 137235?
15
Calculate the remainder when 14402314 is divided by 289.
288
Calculate the remainder when 502231 is divided by 460.
371
Calculate the remainder when 3815057 is divided by 32059.
36
Calculate the remainder when 31614449 is divided by 22108.
9
What is the remainder when 157082 is divided by 68?
2
Calculate the remainder when 36200093 is divided by 42.
41
What is the remainder when 2158227 is divided by 864?
819
What is the remainder when 119509 is divided by 5189?
162
Calculate the remainder when 20176 is divided by 1479.
949
Calculate the remainder when 725638 is divided by 84.
46
Calculate the remainder when 15772933 is divided by 233.
231
Calculate the remainder when 43216 is divided by 42.
40
Calculate the remainder when 204957598 is divided by 40.
38
Calculate the remainder when 411413 is divided by 1116.
725
Calculate the remainder when 46159654 is divided by 652.
10
What is the remainder when 32969542 is divided by 41?
7
What is the remainder when 22041873 is divided by 3401?
3393
Calculate the remainder when 217842 is divided by 110.
42
What is the remainder when 5431430 is divided by 5263?
14
Calculate the remainder when 1558309 is divided by 519375.
184
Calculate the remainder when 61908 is divided by 12272.
548
What is the remainder when 30722220 is divided by 6199?
6175
What is the remainder when 463607 is divided by 5048?
4239
What is the remainder when 71331 is divided by 1605?
711
What is the remainder when 36112314 is divided by 119?
98
What is the remainder when 6246 is divided by 98?
72
What is the remainder when 69580 is divided by 9446?
3458
Calculate the remainder when 1032048 is divided by 145.
83
What is the remainder when 33770416 is divided by 96212?
4
Calculate the remainder when 49568 is divided by 901.
13
What is the remainder when 14290 is divided by 4231?
1597
Calculate the remainder when 414878 is divided by 566.
0
Calculate the remainder when 6755639 is divided by 3356.
11
What is the remainder when 144130281 is divided by 1054?
1051
What is the remainder when 541444 is divided by 62?
60
Calculate the remainder when 426993 is divided by 488.
481
What is the remainder when 11688 is divided by 282?
126
What is the remainder when 44167413 is divided by 519?
513
Calculate the remainder when 96876547 is divided by 129.
127
Calculate the remainder when 484430 is divided by 1179.
1040
Calculate the remainder when 1235808 is divided by 308951.
4
What is the remainder when 319061 is divided by 180?
101
What is the remainder when 146301 is divided by 1122?
441
What is the remainder when 150326343 is divided by 26?
11
Calculate the remainder when 2394413 is divided by 76.
33
What is the remainder when 469389 is divided by 20384?
557
Calculate the remainder when 1956875 is divided by 391370.
25
What is the remainder when 35020 is divided by 874?
60
Calculate the remainder when 58190630 is divided by 5819062.
10
What is the remainder when 1462232 is divided by 5734?
62
Calculate the remainder when 205063272 is divided by 836.
832
What is the remainder when 13879472 is divided by 366?
20
Calculate the remainder when 34773790 is divided by 145497.
7
Calculate the remainder when 161770 is divided by 40386.
226
Calculate the remainder when 140282624 is divided by 80.
64
Calculate the remainder when 1099944 is divided by 128.
40
Calculate the remainder when 355641 is divided by 59273.
3
What is the remainder when 533623 is divided by 958?
17
Calculate the remainder when 64745503 is divided by 9619.
14
Calculate the remainder when 2086072 is divided by 17213.
3299
What is the remainder when 22455 is divided by 3541?
1209
What is the remainder when 15072639 is divided by 110?
109
Calculate the remainder when 16779 is divided by 121.
81
Calculate the remainder when 21278 is divided by 2480.
1438
Calculate the remainder when 17522836 is divided by 37.
6
Calculate the remainder when 1119828 is divided by 884.
684
What is the remainder when 10515711 is divided by 6?
3
What is the remainder when 38032 is divided by 221?
20
What is the remainder when 395250 is divided by